9
List the prime factors of 62362.
2, 31181
List the prime factors of 701.
701
List the prime factors of 3398.
2, 1699
List the prime factors of 1803.
3, 601
List the prime factors of 544.
2, 17
What are the prime factors of 12866?
2, 7, 919
List the prime factors of 4197.
3, 1399
What are the prime factors of 128409?
3, 23, 1861
What are the prime factors of 40408?
2, 5051
What are the prime factors of 3847?
3847
List the prime factors of 2093.
7, 13, 23
What are the prime factors of 7365?
3, 5, 491
List the prime factors of 2667.
3, 7, 127
What are the prime factors of 1400?
2, 5, 7
List the prime factors of 1649.
17, 97
What are the prime factors of 46570?
2, 5, 4657
List the prime factors of 155951.
277, 563
What are the prime factors of 1776?
2, 3, 37
List the prime factors of 19093.
61, 313
What are the prime factors of 1519?
7, 31
What are the prime factors of 127671?
3, 42557
List the prime factors of 4375.
5, 7
List the prime factors of 15495.
3, 5, 1033
List the prime factors of 6520.
2, 5, 163
List the prime factors of 1010.
2, 5, 101
List the prime factors of 24519.
3, 11, 743
What are the prime factors of 5714?
2, 2857
What are the prime factors of 76164?
2, 3, 11, 577
What are the prime factors of 27945?
3, 5, 23
List the prime factors of 69.
3, 23
What are the prime factors of 1425?
3, 5, 19
List the prime factors of 56481.
3, 67, 281
What are the prime factors of 20008?
2, 41, 61
List the prime factors of 1312.
2, 41
What are the prime factors of 3445?
5, 13, 53
List the prime factors of 4946.
2, 2473
What are the prime factors of 22019?
97, 227
List the prime factors of 37950.
2, 3, 5, 11, 23
List the prime factors of 51807.
3, 7, 2467
List the prime factors of 2501.
41, 61
What are the prime factors of 223?
223
What are the prime factors of 3701?
3701
What are the prime factors of 24401?
13, 1877
List the prime factors of 1303.
1303
List the prime factors of 32252.
2, 11, 733
What are the prime factors of 17867?
17, 1051
What are the prime factors of 56454?
2, 3, 97
List the prime factors of 273.
3, 7, 13
List the prime factors of 5737.
5737
List the prime factors of 17489.
17489
What are the prime factors of 1516?
2, 379
What are the prime factors of 14093?
17, 829
What are the prime factors of 9344?
2, 73
What are the prime factors of 1990?
2, 5, 199
List the prime factors of 3329.
3329
List the prime factors of 428.
2, 107
What are the prime factors of 3093?
3, 1031
What are the prime factors of 9212?
2, 7, 47
What are the prime factors of 607?
607
List the prime factors of 3680.
2, 5, 23
List the prime factors of 2176.
2, 17
What are the prime factors of 233?
233
What are the prime factors of 39667?
39667
What are the prime factors of 7504?
2, 7, 67
What are the prime factors of 28221?
3, 23, 409
List the prime factors of 58768.
2, 3673
List the prime factors of 24965.
5, 4993
List the prime factors of 7953.
3, 11, 241
What are the prime factors of 1462?
2, 17, 43
List the prime factors of 770.
2, 5, 7, 11
What are the prime factors of 21012?
2, 3, 17, 103
What are the prime factors of 1254?
2, 3, 11, 19
What are the prime factors of 2201?
31, 71
What are the prime factors of 34220?
2, 5, 29, 59
What are the prime factors of 886?
2, 443
What are the prime factors of 2882?
2, 11, 131
List the prime factors of 42052.
2, 10513
What are the prime factors of 4440?
2, 3, 5, 37
List the prime factors of 10096.
2, 631
List the prime factors of 8994.
2, 3, 1499
List the prime factors of 54885.
3, 5, 3659
What are the prime factors of 8772?
2, 3, 17, 43
List the prime factors of 50085.
3, 5, 7, 53
What are the prime factors of 770?
2, 5, 7, 11
What are the prime factors of 38757?
3, 12919
List the prime factors of 2546.
2, 19, 67
List the prime factors of 6770.
2, 5, 677
What are the prime factors of 112225?
5, 67
List the prime factors of 7295.
5, 1459
What are the prime factors of 74818?
2, 37409
List the prime factors of 7803.
3, 17
What are the prime factors of 3487?
11, 317
List the prime factors of 1003.
17, 59
List the prime factors of 2359.
7, 337
What are the prime factors of 1066?
2, 13, 41
List the prime factors of 4133.
4133
List the prime factors of 6110.
2, 5, 13, 47
What are the prime factors of 2229?
3, 743
What are the prime factors of 423?
3, 47
What are the prime factors of 20371?
13, 1567
List the prime factors of 2420.
2, 5, 11
List the prime factors of 162.
2, 3
What are the prime factors of 65948?
2, 16487
What are the prime factors of 9903?
3, 3301
What are the prime factors of 12745?
5, 2549
List the prime factors of 529.
23
What are the prime factors of 12369?
3, 7, 19, 31
List the prime factors of 7190.
2, 5, 719
What are the prime factors of 75232?
2, 2351
What are the prime factors of 1222?
2, 13, 47
What are the prime factors of 889?
7, 127
List the prime factors of 447.
3, 149
List the prime factors of 9803.
9803
What are the prime factors of 94969?
7, 13567
What are the prime factors of 1215?
3, 5
List the prime factors of 585.
3, 5, 13
What are the prime factors of 8586?
2, 3, 53
List the prime factors of 104.
2, 13
List the prime factors of 910.
2, 5, 7, 13
List the prime factors of 75801.
3, 11, 2297
What are the prime factors of 598?
2, 13, 23
List the prime factors of 9031.
11, 821
List the prime factors of 13918.
2, 6959
What are the prime factors of 924?
2, 3, 7, 11
What are the prime factors of 66667?
163, 409
List the prime factors of 3943.
3943
List the prime factors of 3503.
31, 113
List the prime factors of 475.
5, 19
List the prime factors of 19550.
2, 5, 17, 23
What are the prime factors of 356?
2, 89
What are the prime factors of 90835?
5, 37, 491
What are the prime factors of 31005?
3, 5, 13, 53
What are the prime factors of 341?
11, 31
List the prime factors of 11582.
2, 5791
What are the prime factors of 1462?
2, 17, 43
List the prime factors of 6343.
6343
What are the prime factors of 465?
3, 5, 31
What are the prime factors of 428?
2, 107
List the prime factors of 23.
23
What are the prime factors of 2156?
2, 7, 11
What are the prime factors of 1529?
11, 139
List the prime factors of 26543.
11, 19, 127
What are the prime factors of 1859?
11, 13
List the prime factors of 103357.
103357
What are the prime factors of 388?
2, 97
List the prime factors of 1551.
3, 11, 47
List the prime factors of 23770.
2, 5, 2377
List the prime factors of 3143.
7, 449
List the prime factors of 54607.
7, 29, 269
List the prime factors of 1158.
2, 3, 193
List the prime factors of 3776.
2, 59
List the prime factors of 68538.
2, 3, 11423
What are the prime factors of 2852?
2, 23, 31
What are the prime factors of 280?
2, 5, 7
List the prime factors of 41.
41
List the prime factors of 5506.
2, 2753
What are the prime factors of 12782?
2, 7, 11, 83
List the prime factors of 2058.
2, 3, 7
List the prime factors of 2327.
13, 179
What are the prime factors of 44141?
37, 1193
List the prime factors of 2034.
2, 3, 113
List the prime factors of 127873.
127873
What are the prime factors of 58860?
2, 3, 5, 109
List the prime factors of 5052.
2, 3, 421
List the prime factors of 715.
5, 11, 13
List the prime factors of 30248.
2, 19, 199
What are the prime factors of 24432?
2, 3, 509
List the prime factors of 262.
2, 131
What are the prime factors of 3086?
2, 1543
List the prime factors of 5647.
5647
List the prime factors of 15883.
7, 2269
What are the prime factors of 868?
2, 7, 31
List the prime factors of 20802.
2, 3, 3467
What are the prime factors of 18370?
2, 5, 11, 167
What are the prime factors of 28728?
2, 3, 7, 19
What are the prime factors of 39557?
7, 5651
What are the prime factors of 5057?
13, 389
What are the prime factors of 1889?
1889
List the prime factors of 161.
7, 23
List the prime factors of 13566.
2, 3, 7, 17, 19
List the prime factors of 3221.
3221
What are the prime factors of 39271?
173, 227
List the prime factors of 68583.
3, 22861
What are the prime factors of 3790?
2, 5, 379
What are the prime factors of 1471?
1471
What are the prime factors of 43511?
13, 3347
List the prime factors of 19672.
2, 2459
What are the prime factors of 118203?
3, 31, 41
What are the prime factors of 2943?
3, 109
List the prime factors of 14713.
14713
What are the prime factors of 34099?
13, 43, 61
What are 